ppose 35 = 3*o - 2*i, 3*i = -o + 7 + 1. What is the highest common divisor of b and o?
11
Let f = 3 + 0. Calculate the greatest common divisor of 6 and f.
3
Let y(x) = x**3 - 16*x**2 + 15*x + 20. Let c be y(15). What is the greatest common divisor of c and 20?
20
Suppose -4*o = -12, -15 = -3*v + o - 3. Let p = -2 - v. Let s = p - -12. What is the greatest common divisor of s and 1?
1
Suppose -s = 3*v - 10, -4*v - 4*s + 12 + 12 = 0. Suppose -v*p + 190 = 3*p. Let h be 2/(-2) + 3 + p. Calculate the highest common divisor of 100 and h.
20
Suppose l - 50 = -15. Suppose 3*p - 85 = -5*q, 0 = -5*q + 2*p + p + 55. What is the greatest common divisor of l and q?
7
Let k = 326 + -182. What is the highest common factor of 18 and k?
18
Suppose -u = u - 440. Let s be 1/(-2) - 29/(-2). Suppose 2*m - 3*k = 40, -6 = -m - 2*k + s. What is the greatest common divisor of u and m?
20
Suppose 5*n - 2*n = 0. Suppose -3*y + 40 - 10 = n. What is the greatest common divisor of y and 15?
5
Suppose 0 = -2*c + 3*b + 3, -5*b - 26 - 1 = 4*c. Let h = c + 5. Calculate the highest common divisor of h and 6.
2
Suppose 0 = n - 48 + 6. Calculate the highest common factor of 63 and n.
21
Let z(p) = 3*p**2 - 9*p + 6. Suppose -3*o = -3 - 3. Let n be (o + -1)*(-12)/(-2). Let d be z(n). What is the greatest common factor of 24 and d?
12
Let k be 0 + 1 + -1 - -3. Let d(v) = -26*v + 133. Let z be d(5). What is the highest common divisor of k and z?
3
Let b be (4/(-6))/((-2)/345). Suppose 4*g + 17 = -b. Let f be 2/(g/(-15) - 2). Calculate the greatest common factor of 10 and f.
10
Suppose -4*r = -3*k, 0*r + r = -3*k. Let x be (r + -5)*32/(-10). Calculate the highest common divisor of x and 32.
16
Suppose 4 = 3*g - 7*g. Let m be 2/5 - 176/(-10). Let i be (-1)/(1*g/m). Calculate the highest common factor of 90 and i.
18
Let h = -139 + 191. Calculate the highest common divisor of h and 78.
26
Let o(q) = q**3 - 10*q**2 - 16*q + 8. Suppose b - 14 = -m, 38 = 3*b - m + 2*m. Let d be o(b). What is the greatest common divisor of d and 13?
13
Let s be (-6)/(((-2)/(-2))/(-1)). Suppose s + 8 = c. Suppose 2*w - 5*w + 42 = 0. Calculate the highest common divisor of c and w.
14
Suppose 17*y - 5*y - 12 = 0. Suppose -n + 2 = -2. What is the greatest common factor of y and n?
1
Let c(v) = -v - 7. Let x be c(-3). Let m = 6 + x. What is the greatest common divisor of 1 and m?
1
Suppose -2*z + 5 = -z - 2*h, -5*z + h = -61. Let k = z + -7. Calculate the highest common factor of 42 and k.
6
Let t = -28 - -46. Calculate the highest common factor of t and 144.
18
Let o(d) = -d**2 + d + 61. Let n be o(-7). What is the greatest common factor of 85 and n?
5
Suppose -s = 5*j + 8 - 1, 3*s - j - 11 = 0. Calculate the greatest common factor of s and 6.
3
Let i be (-2)/4 + 3/(-6) + 20. Suppose -174 = -p + 3*u, 0 = 3*p + p + 4*u - 680. What is the highest common divisor of i and p?
19
Let f(v) = v**3 - v**2 + 270. Let j be f(0). Calculate the highest common divisor of j and 27.
27
Let u(n) = 10*n**3 - n + 1. Let m be u(1). Suppose -19 = 4*t + 25. Let g = t - -15. What is the greatest common factor of m and g?
2
Suppose 0 = 4*a - 8*a + 16. Let v be 6/a*(-32)/(-3). Let z(y) = 37*y**2 - 3*y + 2. Let p be z(2). Calculate the greatest common divisor of v and p.
16
Let g = 3 + 2. Let q(h) = 20*h**3 + h**2 - h. Let y be q(1). What is the highest common divisor of y and g?
5
Suppose -8 = -34*p + 32*p. What is the highest common divisor of p and 36?
4
Let h = 590 + -410. Suppose 24 = 3*m - h. Suppose o - z - 34 = -o, -2*o = -2*z - 34. Calculate the greatest common factor of o and m.
17
Let n(u) = -u**3 - 2*u**2 + 9*u - 7. Let x be n(-5). What is the greatest common divisor of 23 and x?
23
Let p(g) = -g**3 - 8*g**2 - 4*g - 17. Let j be p(-8). What is the greatest common divisor of 45 and j?
15
Let n(b) = -7*b + 0*b**2 + 4*b**2 + 5 - 3*b**2. Let s(c) = c**3 - c + 8. Let w be s(0). Let u be n(w). Calculate the greatest common divisor of 39 and u.
13
Let k(l) = -6*l**3 + 3*l**2 - 4*l. Let o(c) = -c**2 + c. Let q(z) = k(z) + 3*o(z). Let m be q(-1). Calculate the highest common divisor of m and 56.
7
Suppose m + 12 = 3*w, 7*w = 2*w + 5. Let c be (-4)/(-8) - m/2. Calculate the greatest common factor of c and 15.
5
Let t(s) = 56*s**3 - s**2 + s. Let x be t(1). Let k = -4 + 31. Let r = k + -19. What is the highest common divisor of r and x?
8
Let t(b) = b**2 - 5*b - 3. Let s be t(4). Let g = 1 - s. Let w = -28 - -116. Calculate the highest common divisor of w and g.
8
Suppose 1 = 2*y - 5. Calculate the highest common factor of y and 15.
3
Let y(a) = -6*a**2 - 5*a - 2. Let f be y(4). Let w = -577 + 396. Let d = f - w. What is the greatest common divisor of d and 9?
9
Suppose -g + 17 = l - 3, -l + 56 = 3*g. What is the highest common divisor of 2 and g?
2
Let w = -15 + 19. Suppose 2*a - 24 = -5*z + 76, 5*z = w*a - 170. Calculate the highest common divisor of 9 and a.
9
Let b = -7 + 8. Calculate the highest common factor of b and 9.
1
Let h = 19 - -11. Suppose -12 - h = -k. Calculate the highest common factor of 6 and k.
6
Let l(n) = n**3 - 2*n**2 - 2*n. Let f be l(3). What is the highest common divisor of 27 and f?
3
Let z = 19 - 7. What is the greatest common factor of z and 60?
12
Let p be (8/(-4))/(-1) + -22. Let c = -10 - p. What is the greatest common divisor of 80 and c?
10
Let c(n) = n**2 - 3. Let y be c(-3). Let p = y - 0. Calculate the highest common divisor of p and 30.
6
Let r(m) = m**3 - 8*m**2 + m - 2. Let v be r(8). What is the greatest common factor of 30 and v?
6
Let o(f) = -f**2 + 3*f - 1. Let r be o(1). Let t = -2 - r. Let b be (t/(-3) - -7) + -1. What is the greatest common divisor of 1 and b?
1
Suppose -2*p = b + b - 38, -2*b - 95 = -5*p. Let o be (-15)/12 - (2 + 330/(-8)). What is the greatest common divisor of p and o?
19
Let h = 16 + -14. What is the greatest common divisor of h and 8?
2
Suppose 3*r - 2 = -8. Let q(g) = g**2. Let w be q(r). Let n be (14/(-1))/((-8)/w). What is the greatest common factor of n and 28?
7
Let b(u) = u**3 + 13*u**2 + 13*u + 15. Let d be b(-12). What is the greatest common factor of 2 and d?
1
Let s be 1 - 3 - (-147)/3. Suppose 2*r - s = 107. Calculate the greatest common divisor of r and 7.
7
Let n = 38 + 28. Calculate the highest common divisor of n and 6.
6
Suppose 2*h - 2*d = 28, -5*h - 18 + 82 = d. Let y be h - (1 + 0) - 3. Calculate the highest common factor of 9 and y.
9
Let v be 1/(-5) - (-168)/15. What is the greatest common factor of v and 44?
11
Suppose -4*y - 38 = -4*m - 9*y, 4*m - 5*y - 18 = 0. What is the greatest common factor of m and 35?
7
Let i(m) = 1 - 17*m - 3 + 5. Let g be i(-3). Calculate the greatest common divisor of 18 and g.
18
Let v(n) = -n**2 + 4*n + 1. Let p be v(3). Calculate the greatest common factor of p and 20.
4
Let v = 39 + -37. Calculate the highest common factor of 16 and v.
2
Suppose -2*h = -m + 8, -5*m - h = -4*h - 26. What is the highest common divisor of m and 10?
2
Let p(w) = 15*w - 6. Let g be p(4). What is the highest common divisor of g and 6?
6
Suppose -2*s + 54 = 2*f, 3 = -4*f - 1. Calculate the highest common factor of s and 70.
14
Suppose q - 2 + 20 = m, -5*m + 78 = -2*q. Calculate the highest common divisor of m and 98.
14
Let b(w) = -w**3 + 9*w**2 + 3*w + 24. Let l be b(8). What is the highest common factor of 28 and l?
28
Let v be (2 + -1 + 2)*1. Suppose -2*u + 79 = -67. Suppose -5*h - 20 + u = -v*z, -4*z = 4. What is the highest common factor of 20 and h?
10
Let h(m) be the second derivative of -5*m**3/3 - 15*m**2/2 - m. Let a be h(-9). Calculate the highest common factor of a and 15.
15
Let l(y) = y**3 + y**2 - 3*y - 1. Let g be l(3). Suppose 3*j - 39 = -0*j. Calculate the greatest common divisor of j and g.
13
Let m be (0 + -3)/(-3) - 0. Let q = m + -8. Let o(u) = -5*u - 8. Let b be o(q). Calculate the highest common factor of b and 3.
3
Let k(y) = y**3 + 6*y**2 - 3*y + 6. Suppose -3*q = 37 - 7. Let g = -16 - q. Let r be k(g). What is the highest common divisor of 3 and r?
3
Let u = 4 + -8. Let b = 2 + u. Let s be (16/(-10))/(b/25). What is the greatest common divisor of 4 and s?
4
Let s = 64 - 50. What is the highest common divisor of s and 56?
14
Let u(a) = a**3 - 7*a**2 - 8*a + 9. Let d be u(8). What is the greatest common fact